 - (-2 - 12)?
1
-18 + 15 - (-1 + -15) - (4 + -1)
10
Evaluate -20 + 23 - (3 - 8).
8
What is the value of 1 - -4 - (-41 - -36)?
10
-20 + (22 - (-7 - -1))
8
What is the value of -6 - (-9 - (-4 + -4 + -1))?
-6
Evaluate -10 - (7 - (27 - 7)).
3
Calculate (-2 - 16 - (218 + -228)) + 26.
18
What is the value of (0 - -4) + (-110 - -97 - (-12 - -1))?
2
3 + 1 + (6 - -6) + -6
10
What is the value of 14 - 14 - ((-8 - -6) + 8)?
-6
36 + -26 + (8 + -17 - (-1 - 4))
6
What is the value of (-4 - -7) + (13 - 7) + -12?
-3
-78 + 79 - (-7 - -9)
-1
Calculate -16 + -22 + 13 + 27.
2
What is 2 + 2 - ((3 - 2) + 72 + -71)?
2
What is 0 + 1 + 0 + 26 + 20 + -29?
18
Calculate 11 + (-19 - -9) + -5 + -6.
-10
Calculate -25 + (-26 - -13) + 33 + -2.
-7
What is -13 + 26 - 34 - (6 + 0)?
-27
-12 + 10 - (5 + 3)
-10
Calculate (12 - (-6 - -11) - 6) + 7 + 8.
16
What is the value of 17 + -9 + 0 + 9 - 2?
15
Evaluate 15 + (12 + -2 - 21) - 1.
3
Calculate -7 - (2 - -4 - (24 + -16) - 12).
7
51 + (-15 - 30) + (0 - 0) + 7
13
Evaluate 25 + -24 + -5 + 1 + -10.
-13
175 - 151 - (12 + -16 - (3 + 1))
32
Calculate (-3 - 1) + (-2 - 8) + 11.
-3
What is the value of 0 - (-16 + 19 + -24)?
21
What is 67 + -49 + (-17 - -3)?
4
(-1 - -23) + (1857 - 1871)
8
Calculate (-4 - 10) + 8 - -6.
0
What is the value of 2 + -6 + 8 + (-37 - -33)?
0
Evaluate 2 + -9 + 1 - (-65 - -72).
-13
7 + (-15 + 8 + 1 - -15)
16
(-10 + 4 - (-8 + 2)) + -17
-17
What is the value of (-3 - (5 + -14 + 13 + -6)) + 3?
2
Calculate 11 - ((0 - 3) + (-77 - -78)).
13
What is the value of -2 + 4 + -1 - (12 - 35 - -11)?
13
What is the value of -25 + (4 - -8 - 20 - (-8 + -1))?
-24
What is 13 + 4 + -5 - 10?
2
What is the value of 11 - (-1 + -7 + (8 - 4) - 1)?
16
What is the value of (-4 - (8 - 8)) + 4 + 4 + 3?
7
What is the value of -176 + 176 + (-2 - -2 - (-8 - 1))?
9
What is -13 - -1 - -21 - -4?
13
7 + -4 + -7 - (3 + 1) - -23
15
What is the value of 9 - (-3 + -5 + 13) - (6 + 8)?
-10
What is 7 - 1 - (-294 - -308)?
-8
What is the value of -31 + -27 + 62 + 15 + 1?
20
Evaluate 20 - ((-4 - 8 - -4) + 17).
11
(2 - 1 - (69 - 47)) + (7 - 4)
-18
Evaluate (2 - 1) + -19 + 24.
6
What is 1 + 0 + -30 + 25 + 7 + -3?
0
What is -283 - -288 - (-4 + 5 - (-1 - 13))?
-10
Evaluate 26 - (-37 + 22 + 58).
-17
-15 + 0 + -9 + 33 + 21
30
Evaluate -26 + (28 - 8) - (6 + 1).
-13
Calculate -25 + (4 - -24) + -19.
-16
-321 + 312 - ((3 - 21) + -2)
11
What is (0 - ((-4 - -4) + 3)) + 9 + 0?
6
18 + (9 - 26) - -5
6
Calculate -28 - -30 - (1 + 12) - -9.
-2
Evaluate (8 - (11 - (-3 - -5)) - -1) + 20.
20
(2 + 6 - 0) + -12 + 5
1
What is 11 - (246 - 255 - (-27 + 0))?
-7
Calculate (-1 - -3) + -95 + 84.
-9
What is the value of -28 - ((11 - 36) + 8)?
-11
1 - (-19 - (-134 + 127 + -2 + 0))
11
What is -12 + (9 + 7 + -18 - -13)?
-1
Calculate 1 - (16 + (0 - 2 - 2)).
-11
What is the value of -7 - -33 - (-4 + 4)?
26
(-357 - -370) + 2 + 0
15
Calculate -41 - (3 - (-15 + 32)) - 1.
-28
Calculate (-1 - 1) + -4 + -9 + 13 + 2.
0
What is -7 - (9 + -1 - -1 - 1 - 6)?
-9
Calculate 3 + 1 - 0 - (-16 + -4 - -19).
5
What is 0 + -4 + -3 + 6 + 3 + 2?
4
What is -20 + 4 + (-15 - -23) + -1 + -5?
-14
Calculate 14 + -24 - (-7 - -4).
-7
Evaluate (-13 + 25 - 14) + 5.
3
What is (8 + 2 - ((-5 - -7) + -2)) + -4?
6
Calculate 5 - (-13 + 22 - (4 - 1)) - -8.
7
-4 + -9 + 5 + 7 + (7 - -1)
7
What is the value of 4 - (0 + (-1 - -1)) - (4192 - 4187)?
-1
What is 25 - (16 + 13 + -39 + 0 + 10)?
25
-1 + 22 + 1 + 10 + -20
12
-29 + -13 + -9 + 76
25
Calculate 2 - (6 + (-9 - 1) + -1).
7
What is (-9 + -2 - 1) + 18 + -8 + -7?
-9
What is -6 - ((-4 - 4) + 8 - -10 - 6)?
-10
Calculate -10 - (-4 - (47 - 24)).
17
Calculate 5 + -1 + (11 - (3 - -15)) - 2.
-5
-12 + -1 - -21 - (-3 + 1)
10
What is the value of -18 + 16 + -47 + 49?
0
What is 8 + -36 - -18 - 24?
-34
(-1 + 1 - -3 - 1) + (74 - 46)
30
What is -1 + (4 - (-6 - -16) - -2 - -5)?
0
What is 2 + -4 - -13 - (262 - 254) - 5?
-2
What is the value of (5 - 10) + -2 + (18 - 19)?
-8
What is the value of -2 + -5 + 5 + 5?
3
What is the value of (2 - -1) + (19 - 4 - -15)?
33
Evaluate 9 + 39 + 9 - 41.
16
-67 - (-23 + 26) - -39
-31
What is (6 - 0 - -1) + (-4 - (-8 - -5))?
6
0 + (-8 - (4 + 0)) + 6 + -4
-10
Evaluate (-54 - -58) + (14 - 20) + (-2 - -7).
3
What is the value of 24 - (9 - (-23 + -1))?
-9
Calculate 13 + (5 - 45 - -12) + 8.
-7
What is -39 + 15 + 7 + 18 + 9?
10
-3 - -4 - -2 - (-1 + 0) - 0
4
What is the value of (-9 - -4) + (-147 - -130)?
-22
Evaluate -2 - (4 + (1 - -8 - (-12 - -14))).
-13
What is the value of (-2 - -15) + (-20 - -19) - 6?
6
14 + 1 + -7 + -16 + -4 + 1
-11
What is the value of -5 + (-3 + 3 - (7 - (21 - -3)))?
12
2 - (-2 + (1 + 19 - 7)) - 0
-9
What is the value of (2 - (1 + 7)) + 0?
-6
7 - ((2 - -2) + -5 + 2 + 15)
-9
Evaluate 9 - (8 + -1 - -5) - -3.
0
6 - (17 - 24 - -12)
1
-6 + -8 - (-2 + (0 - -2))
-14
Evaluate (-11 - -2) + (6 + -22 - -6) + 23.
4
What is (-14 - (11 - 8)) + 25 + -1 + -7?
0
What is the value of 13 + (-14 + (-9 - -8) - -23)?
21
Evaluate (1 - (5 + 1) - 2) + 6 + -3.
-4
Calculate (-2 - -2) + 68 + -88.
-20
What is (-100 - -69) + (28 - -2)?
-1
What is -30 + (-16 - -40) + 18 + -5?
7
Calculate 3 - (-4 + -4 - (-3 - 0)).
8
Calculate 0 - (6 - 13) - 11.
-4
(-27 - -38) + 0 + 5 + -4
12
Evaluate 28 + -1 + -6 + (4 - (2 + -3)).
26
Calculate (-1 - 0) + (-23 + 4 - -22).
2
28 + (-33 - (2 + 18))
-25
Evaluate (1 - 5) + (-6 - (6 + -17)) - -5.
6
What is (1 - 11) + 23 - ((1 - 0) + 5)?
7
What is the value of -26 + (-15 - (-35 + -7))?
1
Calculate -7 - 2 - 12 - -18.
-3
Calculate 9 + -9 + 7 - (1 - 0).
6
Calculate (-15 - -40 - 29) + -25.
-29
Calculate 23 + -13 + 7 + (-38 - (-6 - -7)).
-22
Calculate (-17 - -2) + 11 - -2.
-2
Evaluate (-21 - -38) + -24 - -27.
20
Evaluate -20 + (-6 - -2 - (-35 - (3 + -34))).
-20
Calculate -4 - (0 + -10 + (-28 - -35)).
-1
What is -15 + -3 + (48 - (-5 - -55))?
-20
(-6 - -6 - -8 - 15) + 2 + 4
-1
What is the value of -5 + 2 - ((-6 - 3) + 20)?
-14
What is (1186 - 1192) + (-1 - -2 - -1) + -4?
-8
What is -20 + 34 + 3 + -21?
-4
Calculate (48 - 63) + 39 + 1 + -7.
18
Calculate (3 - 7) + 93 + -51.
38
What is (-3 - -1 - (2 + -8)) + 6 + -4?
6
What is the value of -3 + (20 - ((15 - 20) + 17))?
5
Evaluate (-5 - 2) + -8 + 22.
7
Evaluate 6 + 0 + -255 + 232.
-17
What is (3 + -8 - -1) + -3 - -4 - -6?
3
What is -2972 - -2957 - (13 - 0)?
-28
Evaluate (2 - (1 - 5)) + -36 + 22.
-8
Calculate 12 + (13 - (-6 - -17) - -7).
21
What is the value of 11 - (13 - (-14 + (25 - 11)))?
-2
Evaluate -7 - (-9 + -2) - 16.
-12
What is the value of (12 - (-5 - -11)) + -36 + 18?
-12
-20 + 2 + -6 + 15 + -14
-23
What is -5 + 13 + (97 - 91)?
14
What is (-21 + -3 - -4) + -602 + 584?
-38
-14 + (0 - -6) - ((-3 - 1) + 7)
-11
Calculate 28 - (49 - (19 - 16)).
-18
-1 + 15 + -1 + -12 + 9
10
Evaluate (-4 - -4) + (142 + -147 - (1 - 2)).
-4
What is the value of -1 + (8 - (-7 - -9 - 0))?
5
(0 - 21 - (141 - 134)) + 11
-17
-219 + 179 - (5 - (6 - -17))
-22
What is the value of (-12 - (32 - 16)) + 2 + 1?
-25
Calculate -7 + 6 + -7 + -1 + 9.
0
What is 9 + (2 - 10) - -5?
6
What is the value of (1 - 0) + 2 - (-2 + -31 + 34)?
2
What is (9 - (5 - -15 - 7)) + 4?
0
Evaluate -1 - (10 + -10 + 4 + -11).
6
What is -18 + -8 - (49 + -75)?
0
What is -4 - (-17 - (-12 + 6)) - 1 - 2?
4
Evaluate 3 + -4 + -2 - ((-4 - -3) + -4).
2
7 + (10 + (6 - 9) - 8)
6
What is the value of (34 + -29 - -25) + -25?
5
Evaluate 6 + -3 + -1 + 6 + 1.
9
Calculate 7 - 3 - 25 - -17.
-4
Evaluate 13 - (-4 + 22 + -1).
-4
What is -1 - 0 - 1 - -14?
12
What is the value of -3 + -5 - (0 + -12)?
4
Evaluate -4 - (16 - (-3 - -1) - (38 + -30)).
-14
6 + (-8 - 1) + (-22 - (4 - 10))
-19
-137 + 137 + (-6 - -3) + -3
-6
-2 - -9 - (-10 + 0 - -2)
15
(-5 - -8) + 24 + 6 + -10 + 2
25
Evaluate 0 + (-6 - 1) + -134 + 144.
3
-27 + 22 + 34 + -17
12
What is (0 - -1) + 26 + (16 - 62)?
-19
Calculate -23 - (-6 - 12) - -26.
21
Calculate -4 + (-8 - -3) + 11 + -9.
-7
What is 73 - 38 - 3 - 29?
3
Evaluate 1 + 9 + (-79 - -65).
-4
Calculate 26 - ((13 - 17) + 11 + -10).
29
What is -217 - -218 - (-20 - 0)?
21
What is the value of (-1 - 0) + (14 - 38) + 12?
-13
(162 - 162) + -15 + -8
-23
Evaluate (20 - 5) + -8 + 9 - -21.
37
What is the value of 25 - (4 - (-28 + 20))?
13
What is -29 - ((21 - -5) + -43)?
-12
What is the value of (3 - 2) + -2 + -34 + 31 + 0?
-4
What is the value of (-16 - 3) + (-4 - -7 - -5)?
-11
What is the va